ime factors of 304435.
5, 60887
What are the prime factors of 250776?
2, 3, 43
List the prime factors of 5966381.
5966381
List the prime factors of 1066860.
2, 3, 5, 5927
List the prime factors of 3214539.
3, 119057
List the prime factors of 114057.
3, 19, 23, 29
List the prime factors of 1641965.
5, 13, 25261
What are the prime factors of 1014012?
2, 3, 41, 229
List the prime factors of 10122027.
3, 31, 127, 857
List the prime factors of 15489263.
15489263
List the prime factors of 1100864.
2, 103, 167
List the prime factors of 183012.
2, 3, 101, 151
What are the prime factors of 2641178?
2, 61, 21649
What are the prime factors of 648668?
2, 257, 631
List the prime factors of 350330.
2, 5, 53, 661
List the prime factors of 210777.
3, 7, 10037
List the prime factors of 1770804.
2, 3, 7, 7027
List the prime factors of 90277.
11, 29, 283
What are the prime factors of 4665700?
2, 5, 13, 37, 97
What are the prime factors of 241104?
2, 3, 5023
List the prime factors of 7846305.
3, 5, 691, 757
List the prime factors of 15352216.
2, 11, 174457
What are the prime factors of 3553046?
2, 7, 253789
What are the prime factors of 959989?
53, 59, 307
List the prime factors of 590693.
89, 6637
What are the prime factors of 18555936?
2, 3, 7, 53, 521
List the prime factors of 446665.
5, 157, 569
List the prime factors of 1173882.
2, 3, 179, 1093
What are the prime factors of 292332?
2, 3, 17, 1433
List the prime factors of 10266692.
2, 2566673
What are the prime factors of 423896?
2, 11, 4817
List the prime factors of 951598.
2, 487, 977
List the prime factors of 1533131.
53, 28927
List the prime factors of 634798.
2, 317399
What are the prime factors of 38179873?
19, 2009467
What are the prime factors of 129767?
11, 47, 251
What are the prime factors of 16798636?
2, 4199659
List the prime factors of 539936.
2, 47, 359
List the prime factors of 126734.
2, 63367
What are the prime factors of 2850504?
2, 3, 73, 1627
List the prime factors of 347009.
13, 26693
What are the prime factors of 2248986?
2, 3, 23, 43, 379
What are the prime factors of 11846076?
2, 3, 11, 17, 5279
What are the prime factors of 130244?
2, 32561
List the prime factors of 203066.
2, 101533
List the prime factors of 941363.
47, 20029
What are the prime factors of 623546?
2, 7, 11, 4049
What are the prime factors of 148641?
3, 49547
What are the prime factors of 2720620?
2, 5, 7, 19433
What are the prime factors of 7510773?
3, 31, 80761
What are the prime factors of 433059?
3, 11, 1193
What are the prime factors of 12118681?
1493, 8117
What are the prime factors of 1913196?
2, 3, 31, 37, 139
What are the prime factors of 1982833?
1982833
List the prime factors of 12154710.
2, 3, 5, 405157
What are the prime factors of 19388?
2, 37, 131
List the prime factors of 615893.
17, 36229
List the prime factors of 12508104.
2, 3, 7, 74453
List the prime factors of 1950780.
2, 3, 5, 13, 41, 61
List the prime factors of 34166.
2, 11, 1553
What are the prime factors of 2213009?
17, 349, 373
What are the prime factors of 179888?
2, 11243
List the prime factors of 34346.
2, 13, 1321
List the prime factors of 128529.
3, 14281
List the prime factors of 29992826.
2, 1453, 10321
List the prime factors of 11485686.
2, 3, 31, 61751
List the prime factors of 7924152.
2, 3, 41, 8053
List the prime factors of 298538.
2, 149269
What are the prime factors of 4532535?
3, 5, 7, 14389
What are the prime factors of 430288?
2, 26893
What are the prime factors of 263770?
2, 5, 13, 2029
What are the prime factors of 1719792?
2, 3, 1327
List the prime factors of 7990431.
3, 19, 103, 1361
What are the prime factors of 509723?
509723
List the prime factors of 7745223.
3, 2581741
What are the prime factors of 191662?
2, 61, 1571
What are the prime factors of 610391?
610391
List the prime factors of 16105653.
3, 1789517
What are the prime factors of 790037?
829, 953
What are the prime factors of 43980034?
2, 7, 3141431
List the prime factors of 453965.
5, 90793
List the prime factors of 11489993.
11489993
What are the prime factors of 140319?
3, 5197
List the prime factors of 8609002.
2, 53, 241, 337
What are the prime factors of 14350411?
3673, 3907
What are the prime factors of 12711779?
19, 367, 1823
List the prime factors of 6085218.
2, 3, 17, 59659
List the prime factors of 55017.
3, 6113
List the prime factors of 7854881.
227, 34603
List the prime factors of 12995353.
7, 653, 2843
List the prime factors of 4063704.
2, 3, 169321
List the prime factors of 329362.
2, 11, 1361
List the prime factors of 27501442.
2, 13750721
List the prime factors of 115791.
3, 13, 2969
What are the prime factors of 13107603?
3, 4369201
What are the prime factors of 414896?
2, 25931
What are the prime factors of 635658?
2, 3, 105943
List the prime factors of 1040664.
2, 3, 131, 331
List the prime factors of 657795.
3, 5, 43853
What are the prime factors of 8530631?
23, 370897
List the prime factors of 4343139.
3, 61, 293
List the prime factors of 287533.
41, 7013
List the prime factors of 7109830.
2, 5, 7, 13, 601
What are the prime factors of 867943?
867943
What are the prime factors of 26386311?
3, 7, 673, 1867
List the prime factors of 411107.
37, 41, 271
What are the prime factors of 175082?
2, 87541
List the prime factors of 60422.
2, 30211
List the prime factors of 2211175.
5, 241, 367
What are the prime factors of 454694?
2, 61, 3727
List the prime factors of 25439.
25439
List the prime factors of 43998.
2, 3, 7333
What are the prime factors of 11076?
2, 3, 13, 71
List the prime factors of 1098277.
587, 1871
What are the prime factors of 380284?
2, 95071
What are the prime factors of 377589?
3, 125863
What are the prime factors of 64279?
64279
List the prime factors of 137390.
2, 5, 11, 1249
What are the prime factors of 2886411?
3, 11, 47, 1861
What are the prime factors of 119780?
2, 5, 53, 113
List the prime factors of 786643.
11, 13, 5501
What are the prime factors of 1914707?
1914707
What are the prime factors of 249101?
17, 14653
List the prime factors of 8376483.
3, 2792161
List the prime factors of 3197584.
2, 13, 15373
List the prime factors of 239322.
2, 3, 39887
What are the prime factors of 647732?
2, 83, 1951
What are the prime factors of 235962?
2, 3, 13109
What are the prime factors of 7962144?
2, 3, 82939
List the prime factors of 800626.
2, 400313
What are the prime factors of 110503?
110503
What are the prime factors of 1944163?
13, 149551
List the prime factors of 8718619.
7, 13, 13687
List the prime factors of 2174757.
3, 13, 55763
List the prime factors of 4932371.
4932371
What are the prime factors of 595888?
2, 37243
List the prime factors of 1727980.
2, 5, 86399
What are the prime factors of 4786024?
2, 19, 23, 37
List the prime factors of 279530.
2, 5, 27953
What are the prime factors of 82349?
82349
What are the prime factors of 10860975?
3, 5, 48271
List the prime factors of 253511.
79, 3209
List the prime factors of 366377.
11, 19, 1753
List the prime factors of 6193776.
2, 3, 129037
What are the prime factors of 6550371?
3, 389, 1871
List the prime factors of 1179464.
2, 11, 13, 1031
What are the prime factors of 11533?
19, 607
What are the prime factors of 411331?
19, 21649
What are the prime factors of 13605030?
2, 3, 5, 41, 1229
What are the prime factors of 31239?
3, 13, 89
List the prime factors of 603729.
3, 7, 37
List the prime factors of 2079582.
2, 3, 571, 607
List the prime factors of 17264717.
17264717
List the prime factors of 49490.
2, 5, 7, 101
What are the prime factors of 254216?
2, 43, 739
What are the prime factors of 2791496?
2, 348937
What are the prime factors of 451775?
5, 17, 1063
What are the prime factors of 37232?
2, 13, 179
List the prime factors of 503799.
3, 61, 2753
What are the prime factors of 219013?
19, 11527
List the prime factors of 808774.
2, 404387
List the prime factors of 207031.
11, 29, 59
What are the prime factors of 156920?
2, 5, 3923
What are the prime factors of 1278895?
5, 137, 1867
What are the prime factors of 378140?
2, 5, 7, 37, 73
What are the prime factors of 1657639?
1657639
List the prime factors of 22934.
2, 11467
List the prime factors of 197684.
2, 73, 677
List the prime factors of 4124021.
11, 83, 4517
What are the prime factors of 2057411?
2057